3, what is -7246a + 1?
-72469
In base 6, what is 1 - 31442000?
-31441555
In base 8, what is -31404 - -71?
-31313
In base 14, what is -1a8 - 105?
-2ad
In base 3, what is -1 + 1002202120222?
1002202120221
In base 3, what is -20211000121 - -10?
-20211000111
In base 6, what is -1100 + -550?
-2050
In base 11, what is -385a + 22?
-3838
In base 8, what is -111 - 73?
-204
In base 5, what is -12202 - -33344?
21142
In base 8, what is -34 + -16?
-52
In base 3, what is 210012020 - -12211?
210102001
In base 6, what is 415 + -401?
14
In base 7, what is -231545 + -10?
-231555
In base 15, what is 67 + -7c0b?
-7b94
In base 11, what is 423327 + 2?
423329
In base 11, what is 25 + 42a8?
4322
In base 9, what is 2 - -42328?
42331
In base 16, what is 1a4dbd - 0?
1a4dbd
In base 5, what is 11043121 + -10?
11043111
In base 3, what is 200 + 10100222?
10101122
In base 11, what is 367119 + 2?
367120
In base 10, what is 561 - 19?
542
In base 5, what is 22232 - 111240?
-34003
In base 4, what is -12031120 + 2001?
-12023113
In base 15, what is -55 + -8baa?
-8c10
In base 16, what is -14f + -2866?
-29b5
In base 11, what is 37 + 2419?
2455
In base 12, what is -6473 - 5?
-6478
In base 6, what is -11212 - 3?
-11215
In base 6, what is 5503041 + 4?
5503045
In base 8, what is -14327 + -23?
-14352
In base 4, what is -21022 + 30003?
2321
In base 2, what is -10100101010000111100 + 100?
-10100101010000111000
In base 15, what is 3b0 - -207?
5b7
In base 10, what is -1899 - 376?
-2275
In base 7, what is -4 - -114552?
114545
In base 8, what is -5 - -1506?
1501
In base 2, what is 110101000101 + -100000000?
110001000101
In base 14, what is 19a - -d48?
1104
In base 14, what is 1504 - -16?
151a
In base 3, what is 1022102100 + 2?
1022102102
In base 3, what is 12 - 1010021022?
-1010021010
In base 11, what is -17 + -2a68?
-2a84
In base 8, what is -10 + -15702?
-15712
In base 12, what is 283a + 11?
284b
In base 7, what is -3 - 231401?
-231404
In base 4, what is -321311 - 2311?
-330222
In base 11, what is 2885 + 10?
2895
In base 4, what is 221211 - 113203?
102002
In base 15, what is a8d6 + 44?
a92a
In base 6, what is -45151 - 13?
-45204
In base 9, what is 13227 - -3?
13231
In base 10, what is -3094 + -879?
-3973
In base 8, what is 3 + 716355?
716360
In base 3, what is 22 + -111120102?
-111120010
In base 13, what is 7925 - -9a?
79c2
In base 6, what is -155 + 1223?
1024
In base 9, what is 4701 - 206?
4484
In base 14, what is -926398 + -2?
-92639a
In base 7, what is 641 + 65443?
66414
In base 7, what is 3 - -146411?
146414
In base 16, what is -2e07 + -e?
-2e15
In base 10, what is 97 + 3600?
3697
In base 14, what is d + 1415?
1424
In base 10, what is 65749 - -6?
65755
In base 16, what is 82ab1 - -2?
82ab3
In base 13, what is -5 - -1429a?
14295
In base 13, what is 2 - -50970?
50972
In base 16, what is -5a - 1a42?
-1a9c
In base 11, what is -3497634 - 4?
-3497638
In base 3, what is 10001201101 + -1?
10001201100
In base 15, what is 2809 - 14e?
26aa
In base 14, what is 12 - 6570?
-655c
In base 13, what is -21 + -3a0?
-3c1
In base 14, what is 6d99a0 - -3?
6d99a3
In base 5, what is 414432 - -30?
420012
In base 16, what is b + cda4?
cdaf
In base 11, what is -111960 + 0?
-111960
In base 15, what is bc7 + 147?
d1e
In base 12, what is -17 - -2758?
2741
In base 12, what is 306079 - 0?
306079
In base 4, what is -200222023 - 0?
-200222023
In base 10, what is -2 + -14279?
-14281
In base 15, what is -e + 20ca?
20bb
In base 13, what is 220 + -9?
214
In base 9, what is -48737 - -3?
-48734
In base 12, what is 2 - -78077?
78079
In base 3, what is -2 + 2222221000?
2222220221
In base 11, what is 83 - -95?
168
In base 3, what is -112111222 + 122?
-112111100
In base 9, what is -5 + -15227?
-15233
In base 16, what is -461c0 - 5?
-461c5
In base 6, what is 143515 - -20?
143535
In base 6, what is 4 + -515322?
-515314
In base 7, what is 43 - 5404?
-5331
In base 10, what is -143 + 1779?
1636
In base 15, what is 68 - -135?
19d
In base 3, what is 22100221 - 20211?
22010010
In base 15, what is -4b + -181a?
-1866
In base 2, what is -11000101000000110 + 101100?
-11000100111011010
In base 8, what is 64753 - 0?
64753
In base 15, what is -140 + -8?
-148
In base 10, what is 840 - -300?
1140
In base 4, what is 321 - -31013?
32000
In base 13, what is 1b7c + 9?
1b88
In base 12, what is -1110 - -98?
-1034
In base 14, what is -2 + -14d1b?
-14d1d
In base 11, what is a + -85667?
-85658
In base 4, what is 30 + -1111010?
-1110320
In base 3, what is -1 + 1100202121?
1100202120
In base 10, what is 341 + -3331?
-2990
In base 4, what is 130303 - 2232?
122011
In base 10, what is -2 - -143663?
143661
In base 6, what is -5123 + -40?
-5203
In base 14, what is d9d + -284?
b19
In base 15, what is 16e + 28?
197
In base 13, what is 67 + 1a662?
1a6c9
In base 15, what is 2 + 4b989?
4b98b
In base 7, what is -26521 + 110?
-26411
In base 5, what is -3 - -221102?
221044
In base 15, what is -24c7 - -20?
-24a7
In base 13, what is -b + 3b85?
3b77
In base 5, what is 1134 - 4111?
-2422
In base 2, what is -11 - -1010001011101100?
1010001011101001
In base 2, what is 1010000 - 100001011000?
-100000001000
In base 13, what is 19 + -2822?
-2806
In base 8, what is -226661 - -5?
-226654
In base 6, what is -111 + 3404?
3253
In base 15, what is ec + 393?
490
In base 6, what is -3 + 230354?
230351
In base 16, what is 3b2 - -11e?
4d0
In base 11, what is 3 + 30386?
30389
In base 10, what is -1 - 271884?
-271885
In base 8, what is -1352274 + 5?
-1352267
In base 13, what is 4a20a + -2?
4a208
In base 9, what is 32 + -6552?
-6520
In base 5, what is 3 + -144342323?
-144342320
In base 11, what is 4 + a479?
a482
In base 6, what is -12345 + 54?
-12251
In base 14, what is -5bd3 - b?
-5c00
In base 8, what is -111 + -4712?
-5023
In base 4, what is -1203 - -2220313?
2213110
In base 9, what is -2 - -8210?
8207
In base 2, what is 11 - -1101101100000011?
1101101100000110
In base 14, what is 13 + -33dc?
-33c9
In base 6, what is 1025222 - 11?
1025211
In base 8, what is 456525 - 0?
456525
In base 3, what is -100001010 + 20?
-100000220
In base 15, what is -208e + 145?
-1e49
In base 2, what is 11100001110011 - -1101100?
11100011011111
In base 14, what is -464ad - -2?
-464ab
In base 7, what is 4 - 16255?
-16251
In base 8, what is -4 - -656471?
656465
In base 4, what is -1102 + 1103?
1
In base 14, what is -33c63a - 4?
-33c640
In base 5, what is -12321 - 20011?
-32332
In base 4, what is -223111122 + -11?
-223111133
In base 11, what is -4 - 40705?
-40709
In base 11, what is -5 - -35a63?
35a59
In base 10, what is -28525 - 0?
-28525
In base 3, what is 112101 + 1111?
120212
In base 10, what is -7691 + -6?
-7697
In base 4, what is -3131321333 + -2?
-3131322001
In base 16, what is -5 + -6ae6?
-6aeb
In base 8, what is 3345111 - 1?
3345110
In base 5, what is 22301 - -112?
22413
In base 12, what is -282343 - -1?
-282342
In base 15, what is -36 + -15dd?
-1624
In base 6, what is 54144 + -1?
54143
In base 5, what is -100211 - -1?
-100210
In base 16, what is bea0 - -4?
bea4
In base 7, what is -44153 + 545?
-43305
In base 3, what is -122121100000 + -111?
-122121100111
In base 6, what is -3 - 114212?
-114215
In base 10, what is 85561 - 14?
85547
In base 3, what is 20001211 + -11120?
12220021
In base 16, what is -6 - -4a367?
4a361
In base 8, what is 301 + 5010?
5311
In base 16, what is -16d + -3d8?
-545
In base 9, what is -10 - -166?
156
In base 3, what is 0 + 200020002002?
200020002002
In base 4, what is 120101223 + 100?
120101323
In base 2, what is 100110 - -1010101110?
1011010100
In base 5, what is 31 + 12102113?
12102144
In base 16, what is -5 - 13f67?
-13f6c
In base 7, what is 40 + 2505?
2545
In base 3, what is 210021022 - 2021?
210012001
In base 11, what is a377 + 317?
a693
In base 10, what is 886 - 144?
742
In base 5, what is -14412 - 3444?
-23411
In base 3, what is 2 - -12122100001?
12122100010
In base 3, what is -1201012 + -200020?
-2101102
In base 9, what is -3852 + -186?
-4148
In base 2, what is -101010100 - -1111001001101?
1110011111001
In base 13, what is 1053 - 8b?
c95
In base 13, what is 0 - b081?
-b081
In base 15, what is 18 - -10c?
125
In base 3, what is 20110 + 101021001?
101111111
In base 6, what is 11012 - -102?
11114
In base 9, what is -1075 + -1451?
-2536
In base 16, what is -4 - -13e18?
13e14
In b